st common divisor of v and 180?
20
Let f(i) = 2*i**2 - 19*i + 10. Let b be f(12). Calculate the greatest common divisor of 10 and b.
10
Suppose 5*v + 1 = -5*y + 3*v, -5*v = 15. What is the greatest common factor of y and 11?
1
Let n = 11 - 7. Suppose -n*a = -3*a - 18. What is the greatest common factor of a and 45?
9
Suppose 0 = -3*b + 39 - 12. Calculate the highest common factor of 99 and b.
9
Suppose -6*k + 21 = -3*k. Suppose -112 = 32*w - 34*w. Calculate the greatest common factor of w and k.
7
Let g(l) = -l**3 - 10*l**2 - 8*l + 10. Let j be g(-9). Calculate the greatest common divisor of 7 and j.
1
Suppose -2*s - 45 = -5*s. Let l be (-30)/(-8)*(-8)/(-1). Calculate the greatest common divisor of l and s.
15
Suppose -2*j = n - 356, -4*j + 5*n = -729 + 45. Suppose 4*q - j + 32 = 0. Let l be (-1)/(-4)*-2*-48. What is the greatest common factor of q and l?
12
Let c = 276 - 144. What is the greatest common factor of 12 and c?
12
Let p be (-66)/(-14) + (-10)/(-35). Suppose p*t + 3*x = -2*x + 25, 3*t - 2*x = 5. Let n be (-5)/15*(-2 + -1). Calculate the greatest common factor of n and t.
1
Suppose 0 = -f + 6*f - 775. What is the greatest common divisor of 31 and f?
31
Suppose -4*k + 24 = -2*g, 4*k - k - 36 = -3*g. Let s = -13 + 79. Let d = s - 18. Calculate the greatest common factor of k and d.
8
Let i = 69 + 85. What is the greatest common factor of i and 14?
14
Suppose 0 = -3*o + 91 + 56. What is the highest common divisor of o and 7?
7
Let i = -27 - -46. Let a = -8 + i. What is the highest common factor of 121 and a?
11
Let w be 327/3 + 3 + -4. Calculate the greatest common factor of 72 and w.
36
Suppose 3*l - 4*l + 1 = 0. What is the highest common divisor of l and 7?
1
Suppose 0 = -6*s + 54 - 18. Let n(p) = p**3 - 4*p**2 + p. Let u be n(5). What is the highest common factor of u and s?
6
Let n(t) = 2*t - 2. Let i be n(7). Suppose 0 = 4*p - 3*y + y - 336, 420 = 5*p - 4*y. Calculate the greatest common divisor of i and p.
12
Let d(y) = -22*y - 16. Let m be d(-2). Calculate the highest common factor of m and 112.
28
Let x be 1 - 2 - (3 + -12). Suppose -3*r + x*r = 860. Suppose 53 = b + h + 2*h, -3*b + 4*h + r = 0. What is the highest common factor of 7 and b?
7
Let x(v) = -6*v - 1. Let a be x(-2). Suppose -101 = -u - 0*u. Let s = u - 24. Calculate the highest common factor of a and s.
11
Let d(a) = a**3 + a + 2. Suppose p - 3*t + 3 = 0, -2*p + 5*t - 4 = t. Suppose 0*k + 5*k - 10 = p. Let c be d(k). What is the greatest common factor of 84 and c?
12
Suppose 0 = -5*f - 2*j - 3*j + 40, f + 3*j - 18 = 0. Let y = -58 - -91. What is the greatest common divisor of f and y?
3
Suppose 2*p - 6 = k + 28, -4*k - 3*p = 114. Let i = k + 44. Suppose -v = h - 155, -3*v + 4*v - 463 = -3*h. Calculate the highest common divisor of i and h.
14
Let i(m) = -m - 17. Let r be i(0). Let c = r - -24. Suppose -4*x + 2*d = 1 + 1, 16 = 4*x + 4*d. What is the greatest common divisor of x and c?
1
Let t(y) = -y**2 - 12*y + 6. Let f be t(-6). Suppose -f = 2*z - 5*z. What is the greatest common factor of z and 98?
14
Let l(f) = 19*f**3 - 2*f**2 + f + 2. Let t be l(-1). Let q be (-8)/t + 174/15. Calculate the highest common factor of 108 and q.
12
Let z = -19 + 57. Suppose -10 - z = -3*m. What is the highest common divisor of m and 176?
16
Let a(w) = -w + 32. Let d be a(5). Calculate the greatest common factor of d and 18.
9
Let w = -6 - 6. Let s = -7 - w. Let j = s + -4. Calculate the highest common factor of j and 7.
1
Let u = 23 + -1. Let a be 360/25 + 2/(-5). Suppose 19 + a = v. Calculate the greatest common factor of u and v.
11
Let x(i) = i**2 + 22*i + 7. Let t be x(-23). Let a = -4 + 10. Calculate the highest common factor of a and t.
6
Let s = -185 + 415. Calculate the greatest common factor of s and 92.
46
Let g(v) = -v**3 - 7*v**2 - 6*v - 1. Let r be g(-6). Let f = -46 - -43. Let l be 1 + f + 4 - r. Calculate the highest common divisor of l and 21.
3
Let p(j) = j**2 + 8*j + 5. Let l be p(-5). Let k be 1*l*(-12)/5. Suppose k = -v + 3*v. What is the highest common divisor of v and 132?
12
Let m = -37 + 48. Let g be -2*11*-2 + 0. Calculate the highest common factor of m and g.
11
Let o(y) = 3*y - 16. Let a be o(7). What is the highest common divisor of 10 and a?
5
Let p(f) = -f - 5. Let k be p(-7). Let c be -1*(-36)/k - 0. Calculate the highest common divisor of c and 2.
2
Let g be 0 + 10 - (2 + 0). Let t = 1 - 0. Let u be (t - -29) + 3 + -1. What is the greatest common divisor of u and g?
8
Let h = -2 - -9. Calculate the greatest common factor of h and 63.
7
Let h = -10 - -26. Let x = -8 - -3. Let b = x + h. Calculate the greatest common divisor of 11 and b.
11
Suppose -3*y - 12 = h + 54, 5*y + 110 = 2*h. Let l be (-2)/(-4)*y*-2. Let v = 3 - 1. What is the greatest common factor of l and v?
2
Suppose -5*w - 55 = -4*t, -5*w = -t + 3*t + 25. Let m be (2/w)/((-1)/7). Calculate the highest common factor of m and 2.
2
Let g(q) = -q**3 + 8. Let p be g(0). Let d be (-44)/5*(-60)/p. What is the highest common divisor of 6 and d?
6
Let x be (-208)/(-48) + (-2)/6. Suppose 3*o = x*z + 27 + 21, -o - 4*z = 0. Calculate the greatest common factor of o and 18.
6
Suppose 4*q - 46 = 2*q. Suppose -2*v - 3*t - q = -3*v, 4*t = -5*v + 20. Suppose 0 + 32 = h. Calculate the greatest common factor of h and v.
8
Suppose -3*h = -10 - 11. Suppose 0 = -n + h + 1. Suppose v = 43 + n. What is the highest common factor of v and 17?
17
Suppose 4 = 4*n + 4*y, 0 = n - 4*n - y + 3. Let r be -1*(-1 - 6 - n). Calculate the highest common divisor of 64 and r.
8
Let b be (-2 - 2)*(-1)/(-2). Let j(l) = -5*l**3 - 2*l**2 + 2*l + 2. Let w be j(b). Calculate the highest common factor of w and 45.
15
Let h = 7 - -18. Calculate the highest common factor of 175 and h.
25
Suppose 4*n - 15 = n. Suppose -9 = o - 29. What is the greatest common factor of o and n?
5
Suppose 4*a - 25 + 9 = 0. Calculate the greatest common divisor of 8 and a.
4
Let i = 21 - 15. Let a = -2 + i. Suppose -3*l - 2*q = -222, a*l + 0*l - 303 = -5*q. Calculate the highest common factor of 9 and l.
9
Let z = -11 + 16. Suppose -4*c + 3 = -45. Suppose -4*l = -88 - c. What is the highest common divisor of z and l?
5
Let g = 19 + -5. Let q(t) = -t**2 + 20*t + 13. Let k be q(11). Calculate the greatest common factor of k and g.
14
Let k(a) = a**2 - 21*a - 4. Let l be k(24). Calculate the greatest common divisor of 34 and l.
34
Let f = 11 - 9. Suppose w - 5*k = 14, w = -f*w - 4*k + 61. Suppose -113 = -v + w. Calculate the greatest common divisor of v and 12.
12
Let w(v) = v. Let q be w(2). Calculate the highest common divisor of q and 4.
2
Suppose -5*k + 16 + 54 = 0. Let s = -16 - -19. Suppose 180 = s*c + j + 11, 285 = 5*c + 5*j. What is the greatest common divisor of c and k?
14
Suppose -3*t = 4*l - 9, -15 = -3*l + t - 6*t. Let y be l/(-3)*3/(-6). Suppose y*c = -4*c + 76. Calculate the highest common factor of 38 and c.
19
Suppose h + 2*h + 2*n - 178 = 0, 3*n - 15 = 0. Suppose -2*g - 12 = 2*g. Let q be (-14)/g*6/4. Calculate the highest common factor of q and h.
7
Let k = 27 - 13. What is the greatest common factor of 14 and k?
14
Let o = 220 + -148. Calculate the highest common factor of o and 8.
8
Let y = 21 + -7. What is the greatest common factor of 126 and y?
14
Let u = -6 - -7. Let h = u + 2. Suppose -2*y + h = -7. Calculate the highest common factor of 15 and y.
5
Let g(b) be the first derivative of -5*b**4/4 - 2*b**3/3 - b**2/2 + 2. Let n be g(-1). Suppose -n = 2*p - 6*p. What is the greatest common factor of p and 2?
1
Let x(h) = -h**2 + 6*h + 7. Let p be x(5). Calculate the highest common divisor of 36 and p.
12
Let j = 90 + 3. Let v be (-5 + 2)*(-62)/6. What is the highest common divisor of v and j?
31
Suppose -p - 3*x = p - 13, -2*x - 39 = -3*p. Suppose 0 = 8*g - p*g + 462. What is the highest common factor of 22 and g?
22
Suppose 8*v - 35 - 21 = 0. Calculate the greatest common factor of 35 and v.
7
Let r(w) = w**2 + w + 5. Let g be r(0). Let f(q) = -58*q - 1. Let v be f(-1). Suppose 13 + v = g*n. Calculate the greatest common factor of n and 28.
14
Suppose -2*s = 5*g - 55, -3*g + 3*s = g - 21. What is the greatest common divisor of 27 and g?
9
Suppose 5*p + d + 73 = 0, 3*d = -0*d + 6. Let f be (p/6)/((-3)/24). Calculate the highest co